{"id":93,"date":"2020-11-10T19:01:00","date_gmt":"2020-11-10T18:01:00","guid":{"rendered":"http:\/\/legrenier-meublesolidaire-tarbes.fr\/?page_id=93"},"modified":"2023-05-04T19:55:34","modified_gmt":"2023-05-04T17:55:34","slug":"solidarmeubles","status":"publish","type":"page","link":"https:\/\/legrenier-meublesolidaire-tarbes.fr\/index.php\/solidarmeubles\/","title":{"rendered":"SOLIDAR&#8217;MEUBLES"},"content":{"rendered":"\n<div class=\"wp-block-image\"><figure class=\"aligncenter size-large is-resized\"><img loading=\"lazy\" src=\"https:\/\/legrenier-meublesolidaire-tarbes.fr\/wp-content\/uploads\/2021\/04\/Accueil-SOLIDAR-MEUBLE1-.jpg\" alt=\"\" class=\"wp-image-1037\" width=\"1072\" height=\"661\" srcset=\"https:\/\/legrenier-meublesolidaire-tarbes.fr\/wp-content\/uploads\/2021\/04\/Accueil-SOLIDAR-MEUBLE1-.jpg 980w, https:\/\/legrenier-meublesolidaire-tarbes.fr\/wp-content\/uploads\/2021\/04\/Accueil-SOLIDAR-MEUBLE1--300x185.jpg 300w, https:\/\/legrenier-meublesolidaire-tarbes.fr\/wp-content\/uploads\/2021\/04\/Accueil-SOLIDAR-MEUBLE1--768x474.jpg 768w\" sizes=\"(max-width: 1072px) 100vw, 1072px\" \/><\/figure><\/div>\n\n\n\n<p style=\"font-size:18px\"><strong><span class=\"has-inline-color has-vivid-red-color\">L\u2019association SOLIDAR\u2019meubles localis\u00e9e \u00e0 Tarbes r\u00e9cup\u00e8re, r\u00e9pare, relooke meubles et si\u00e8ges. L&#8217;encadrement est assur\u00e9  par des professionnels de l&#8217;insertion et des b\u00e9n\u00e9voles.<\/span><\/strong><\/p>\n\n\n\n<figure class=\"wp-block-image size-large is-resized\"><img loading=\"lazy\" src=\"http:\/\/legrenier-meublesolidaire-tarbes.fr\/wp-content\/uploads\/2020\/11\/solidar-meuble-1024x289.jpg\" alt=\"\" class=\"wp-image-61\" width=\"1118\" height=\"315\" srcset=\"https:\/\/legrenier-meublesolidaire-tarbes.fr\/wp-content\/uploads\/2020\/11\/solidar-meuble-1024x289.jpg 1024w, https:\/\/legrenier-meublesolidaire-tarbes.fr\/wp-content\/uploads\/2020\/11\/solidar-meuble-300x85.jpg 300w, https:\/\/legrenier-meublesolidaire-tarbes.fr\/wp-content\/uploads\/2020\/11\/solidar-meuble-768x217.jpg 768w, https:\/\/legrenier-meublesolidaire-tarbes.fr\/wp-content\/uploads\/2020\/11\/solidar-meuble.jpg 1092w\" sizes=\"(max-width: 1118px) 100vw, 1118px\" \/><\/figure>\n\n\n\n<div class=\"wp-block-image\"><figure class=\"aligncenter size-large is-resized\"><img loading=\"lazy\" src=\"https:\/\/legrenier-meublesolidaire-tarbes.fr\/wp-content\/uploads\/2021\/04\/atelier-dinsertion-1024x510.jpg\" alt=\"\" class=\"wp-image-1026\" width=\"749\" height=\"372\" srcset=\"https:\/\/legrenier-meublesolidaire-tarbes.fr\/wp-content\/uploads\/2021\/04\/atelier-dinsertion-1024x510.jpg 1024w, https:\/\/legrenier-meublesolidaire-tarbes.fr\/wp-content\/uploads\/2021\/04\/atelier-dinsertion-300x149.jpg 300w, https:\/\/legrenier-meublesolidaire-tarbes.fr\/wp-content\/uploads\/2021\/04\/atelier-dinsertion.jpg 1052w\" sizes=\"(max-width: 749px) 100vw, 749px\" \/><\/figure><\/div>\n\n\n\n<p><strong><span class=\"has-inline-color has-black-color\">SOLIDAR&#8217;MEUBLES, c&#8217;est un&nbsp;projet d&#8217;atelier d&#8217;insertion :<\/span><\/strong><\/p>\n\n\n\n<ul><li><strong><span class=\"has-inline-color has-black-color\">Solidarit\u00e9, utilit\u00e9 sociale et d\u00e9veloppement durable dans les buts statutaires<\/span><\/strong><\/li><li><strong><span class=\"has-inline-color has-black-color\">Une finalit\u00e9 socioprofessionnelle d\u00e9finie<\/span><\/strong><\/li><li><strong><span class=\"has-inline-color has-black-color\">Quatre activit\u00e9s et un objectif, leviers de l\u2019insertion<\/span><\/strong><\/li><li><strong><span class=\"has-inline-color has-black-color\">L&#8217;accueil de personnes volontaires pour acc\u00e9der \u00e0 l&#8217;emploi<\/span><\/strong><\/li><li><strong><span class=\"has-inline-color has-black-color\">Une \u00e9quipe d\u2019encadrants professionnels et de b\u00e9n\u00e9voles motiv\u00e9s<\/span><\/strong><\/li><\/ul>\n\n\n\n<figure class=\"wp-block-image size-large is-resized\"><img loading=\"lazy\" src=\"http:\/\/legrenier-meublesolidaire-tarbes.fr\/wp-content\/uploads\/2020\/11\/4-avtivites-1-objectif.jpg\" alt=\"\" class=\"wp-image-63\" width=\"914\" height=\"506\" srcset=\"https:\/\/legrenier-meublesolidaire-tarbes.fr\/wp-content\/uploads\/2020\/11\/4-avtivites-1-objectif.jpg 699w, https:\/\/legrenier-meublesolidaire-tarbes.fr\/wp-content\/uploads\/2020\/11\/4-avtivites-1-objectif-300x166.jpg 300w\" sizes=\"(max-width: 914px) 100vw, 914px\" \/><\/figure>\n\n\n\n<div class=\"wp-block-image\"><figure class=\"aligncenter size-large is-resized\"><img loading=\"lazy\" src=\"http:\/\/legrenier-meublesolidaire-tarbes.fr\/wp-content\/uploads\/2020\/11\/PARCOURS-MEUBLES-solidaires.png\" alt=\"\" class=\"wp-image-64\" width=\"793\" height=\"446\" srcset=\"https:\/\/legrenier-meublesolidaire-tarbes.fr\/wp-content\/uploads\/2020\/11\/PARCOURS-MEUBLES-solidaires.png 640w, https:\/\/legrenier-meublesolidaire-tarbes.fr\/wp-content\/uploads\/2020\/11\/PARCOURS-MEUBLES-solidaires-300x169.png 300w\" sizes=\"(max-width: 793px) 100vw, 793px\" \/><\/figure><\/div>\n\n\n\n<figure class=\"wp-block-image size-large is-resized\"><img loading=\"lazy\" src=\"http:\/\/legrenier-meublesolidaire-tarbes.fr\/wp-content\/uploads\/2020\/11\/atelier2-1.jpg\" alt=\"\" class=\"wp-image-368\" width=\"898\" height=\"426\" srcset=\"https:\/\/legrenier-meublesolidaire-tarbes.fr\/wp-content\/uploads\/2020\/11\/atelier2-1.jpg 1020w, https:\/\/legrenier-meublesolidaire-tarbes.fr\/wp-content\/uploads\/2020\/11\/atelier2-1-300x142.jpg 300w, https:\/\/legrenier-meublesolidaire-tarbes.fr\/wp-content\/uploads\/2020\/11\/atelier2-1-768x364.jpg 768w\" sizes=\"(max-width: 898px) 100vw, 898px\" \/><\/figure>\n\n\n\n<figure class=\"wp-block-image size-large is-resized is-style-default\"><img loading=\"lazy\" src=\"https:\/\/legrenier-meublesolidaire-tarbes.fr\/wp-content\/uploads\/2021\/04\/sm-EN-RESUME.jpg\" alt=\"\" class=\"wp-image-1019\" width=\"352\" height=\"334\" srcset=\"https:\/\/legrenier-meublesolidaire-tarbes.fr\/wp-content\/uploads\/2021\/04\/sm-EN-RESUME.jpg 507w, https:\/\/legrenier-meublesolidaire-tarbes.fr\/wp-content\/uploads\/2021\/04\/sm-EN-RESUME-300x285.jpg 300w\" sizes=\"(max-width: 352px) 100vw, 352px\" \/><\/figure>\n\n\n\n<div class=\"wp-block-image\"><figure class=\"alignleft size-large is-resized\"><img loading=\"lazy\" src=\"https:\/\/legrenier-meublesolidaire-tarbes.fr\/wp-content\/uploads\/2021\/04\/SM-1.jpg\" alt=\"\" class=\"wp-image-1020\" width=\"636\" height=\"494\" srcset=\"https:\/\/legrenier-meublesolidaire-tarbes.fr\/wp-content\/uploads\/2021\/04\/SM-1.jpg 1020w, https:\/\/legrenier-meublesolidaire-tarbes.fr\/wp-content\/uploads\/2021\/04\/SM-1-300x234.jpg 300w, https:\/\/legrenier-meublesolidaire-tarbes.fr\/wp-content\/uploads\/2021\/04\/SM-1-768x598.jpg 768w\" sizes=\"(max-width: 636px) 100vw, 636px\" \/><\/figure><\/div>\n\n\n\n<div class=\"wp-block-image\"><figure class=\"alignright size-large is-resized\"><img loading=\"lazy\" src=\"https:\/\/legrenier-meublesolidaire-tarbes.fr\/wp-content\/uploads\/2021\/04\/SM-2.jpg\" alt=\"\" class=\"wp-image-1021\" width=\"634\" height=\"493\" srcset=\"https:\/\/legrenier-meublesolidaire-tarbes.fr\/wp-content\/uploads\/2021\/04\/SM-2.jpg 1020w, https:\/\/legrenier-meublesolidaire-tarbes.fr\/wp-content\/uploads\/2021\/04\/SM-2-300x234.jpg 300w, https:\/\/legrenier-meublesolidaire-tarbes.fr\/wp-content\/uploads\/2021\/04\/SM-2-768x598.jpg 768w\" sizes=\"(max-width: 634px) 100vw, 634px\" \/><\/figure><\/div>\n\n\n\n<div class=\"wp-block-image\"><figure class=\"alignleft size-large is-resized\"><img loading=\"lazy\" src=\"https:\/\/legrenier-meublesolidaire-tarbes.fr\/wp-content\/uploads\/2021\/04\/SM-4.jpg\" alt=\"\" class=\"wp-image-1023\" width=\"635\" height=\"493\" srcset=\"https:\/\/legrenier-meublesolidaire-tarbes.fr\/wp-content\/uploads\/2021\/04\/SM-4.jpg 1020w, https:\/\/legrenier-meublesolidaire-tarbes.fr\/wp-content\/uploads\/2021\/04\/SM-4-300x234.jpg 300w, https:\/\/legrenier-meublesolidaire-tarbes.fr\/wp-content\/uploads\/2021\/04\/SM-4-768x598.jpg 768w\" sizes=\"(max-width: 635px) 100vw, 635px\" \/><\/figure><\/div>\n\n\n\n<div class=\"wp-block-image\"><figure class=\"alignright size-large is-resized\"><img loading=\"lazy\" src=\"https:\/\/legrenier-meublesolidaire-tarbes.fr\/wp-content\/uploads\/2021\/04\/SM-6.jpg\" alt=\"\" class=\"wp-image-1022\" width=\"639\" height=\"251\" srcset=\"https:\/\/legrenier-meublesolidaire-tarbes.fr\/wp-content\/uploads\/2021\/04\/SM-6.jpg 1020w, https:\/\/legrenier-meublesolidaire-tarbes.fr\/wp-content\/uploads\/2021\/04\/SM-6-300x118.jpg 300w, https:\/\/legrenier-meublesolidaire-tarbes.fr\/wp-content\/uploads\/2021\/04\/SM-6-768x302.jpg 768w\" sizes=\"(max-width: 639px) 100vw, 639px\" \/><\/figure><\/div>\n\n\n\n<figure class=\"wp-block-image size-large is-resized\"><img loading=\"lazy\" src=\"https:\/\/legrenier-meublesolidaire-tarbes.fr\/wp-content\/uploads\/2021\/04\/SM5.jpg\" alt=\"\" class=\"wp-image-1024\" width=\"638\" height=\"496\" srcset=\"https:\/\/legrenier-meublesolidaire-tarbes.fr\/wp-content\/uploads\/2021\/04\/SM5.jpg 1020w, https:\/\/legrenier-meublesolidaire-tarbes.fr\/wp-content\/uploads\/2021\/04\/SM5-300x234.jpg 300w, https:\/\/legrenier-meublesolidaire-tarbes.fr\/wp-content\/uploads\/2021\/04\/SM5-768x598.jpg 768w\" sizes=\"(max-width: 638px) 100vw, 638px\" \/><\/figure>\n\n\n\n<p><\/p>\n\n\n\n<p class=\"has-medium-font-size\"><strong>L\u2019atelier d\u2019insertion a \u00e9t\u00e9 cr\u00e9\u00e9 en 2005 pour accueillir des personnes sans emploi, b\u00e9n\u00e9ficiaires du Rsa, de l\u2019allocation de ch\u00f4mage ou en situation de handicap. Elles sont engag\u00e9es, par contrat \u00e0 dur\u00e9e d\u00e9termin\u00e9 , sur leur projet personnalis\u00e9 de retour \u00e0 l\u2019emploi, de changement d\u2019orientation professionnelle ou de cr\u00e9ation d\u2019entreprise. L\u2019atelier, qui assure l\u2019insertion par l\u2019activit\u00e9 \u00e9conomique, est agr\u00e9\u00e9, financ\u00e9 et \u00e9valu\u00e9 par les services d\u00e9partementaux de l\u2019Etat et le D\u00e9partement. Une \u00e9quipe d\u2019encadrants dipl\u00f4m\u00e9s accompagne chaque collaborateur ou collaboratrice en insertion dans son projet personnel ainsi que dans la r\u00e9solution de difficult\u00e9s diverses (logement, sant\u00e9, budget, formation,\u2026). <\/strong><\/p>\n\n\n\n<p class=\"has-medium-font-size\"><strong>Les meubles de tous bois et de tous styles sont le support de l\u2019activit\u00e9 d\u2019insertion. Ils sont collect\u00e9s aupr\u00e8s des particuliers, puis selon leur \u00e9tat et leur potentiel, ils sont r\u00e9par\u00e9s, adapt\u00e9s, relook\u00e9s, transform\u00e9s et mis en vente au Grenier, le magasin solidaire du Secours populaire. L\u2019atelier r\u00e9pond aussi aux demandes des particuliers, des associations, des collectivit\u00e9s publiques, dans le cadre des clauses d\u2019insertion des march\u00e9s publics notamment. Ces recettes, compl\u00e9mentaires des subventions, sont n\u00e9cessaires \u00e0 l\u2019\u00e9quilibre financier de la structure pour assumer l\u2019int\u00e9gralit\u00e9 des d\u00e9penses.<\/strong><\/p>\n\n\n\n<p class=\"has-medium-font-size\"><strong> Vingt \u00e0 trente salari\u00e9s sont recrut\u00e9s par an, y compris des femmes int\u00e9ress\u00e9es par les apprentissages professionnels dans les m\u00e9tiers de la restauration du bois. Les formations re\u00e7ues en cours de contrat, les stages en entreprise (obligatoires) et l\u2019accompagnement personnalis\u00e9 propos\u00e9 par l\u2019\u00e9quipe des salari\u00e9s permanents et des b\u00e9n\u00e9voles donnent des r\u00e9sultats encourageants : six \u00e0 huit salari\u00e9s sur dix ont une fin de contrat vers l\u2019emploi. <\/strong><\/p>\n\n\n\n<p class=\"has-medium-font-size\"><strong>SOLIDAR\u2019meubles contribue au d\u00e9veloppement de la solidarit\u00e9, de l\u2019int\u00e9gration des personnes dans leur environnement professionnel, culturel et social. Il participe \u00e9galement aux politiques publiques de recyclage et de protection de l\u2019environnement.<\/strong><\/p>\n\n\n\n<p class=\"has-text-color has-medium-font-size\" style=\"color:#d4db0c\"><strong>INFORMATIONS SUR L\u2019ENTREPRISE SOLIDAR&#8217;meubles<\/strong><\/p>\n\n\n\n<p>Fondation  ann\u00e9e  2005<\/p>\n\n\n\n<p><strong>Adresse <\/strong>:     SOLIDAR&#8217;meubles : l&#8217;atelier &#8211;  27, avenue des Forges ,  Tarbes, 65000, France<\/p>\n\n\n\n<p class=\"has-medium-font-size\"><strong>Vous pouvez appeler  le 05 62 38 16 54<br>MAIL : solidar-meubles@orange.fr<br>Site internet : <a href=\"http:\/\/legrenier-meublesolidaire-tarbes.fr\">http:\/\/legrenier-meublesolidaire-tarbes.fr<\/a><\/strong><\/p>\n\n\n\n<p class=\"has-medium-font-size\">L\u2019association <strong>SOLIDAR\u2019meubles<\/strong> localis\u00e9e \u00e0 Tarbes r\u00e9cup\u00e8re, r\u00e9pare, relooke meubles et si\u00e8ges. Encadr\u00e9e par des professionnels de l&#8217;insertion et des b\u00e9n\u00e9voles . <br><strong>Association d&#8217;insertion<\/strong><\/p>\n","protected":false},"excerpt":{"rendered":"<p>L\u2019association SOLIDAR\u2019meubles localis\u00e9e \u00e0 Tarbes r\u00e9cup\u00e8re, r\u00e9pare, relooke meubles et si\u00e8ges. L&#8217;encadrement est assur\u00e9 par des professionnels de l&#8217;insertion et des b\u00e9n\u00e9voles. SOLIDAR&#8217;MEUBLES, c&#8217;est un&nbsp;projet d&#8217;atelier d&#8217;insertion : Solidarit\u00e9, utilit\u00e9 sociale et d\u00e9veloppement durable dans les buts statutaires Une finalit\u00e9 socioprofessionnelle d\u00e9finie Quatre activit\u00e9s et un objectif, leviers de l\u2019insertion L&#8217;accueil de personnes volontaires pour [&hellip;]<\/p>\n","protected":false},"author":1,"featured_media":0,"parent":0,"menu_order":0,"comment_status":"closed","ping_status":"closed","template":"","meta":[],"yoast_head":"<!-- This site is optimized with the Yoast SEO plugin v15.7 - https:\/\/yoast.com\/wordpress\/plugins\/seo\/ -->\n<title>SOLIDAR&#039;MEUBLES - LE GRENIER Meubles Solidaires TARBES<\/title>\n<meta name=\"robots\" content=\"index, follow, max-snippet:-1, max-image-preview:large, max-video-preview:-1\" \/>\n<link rel=\"canonical\" href=\"https:\/\/legrenier-meublesolidaire-tarbes.fr\/index.php\/solidarmeubles\/\" \/>\n<meta property=\"og:locale\" content=\"fr_FR\" \/>\n<meta property=\"og:type\" content=\"article\" \/>\n<meta property=\"og:title\" content=\"SOLIDAR&#039;MEUBLES - LE GRENIER Meubles Solidaires TARBES\" \/>\n<meta property=\"og:description\" content=\"L\u2019association SOLIDAR\u2019meubles localis\u00e9e \u00e0 Tarbes r\u00e9cup\u00e8re, r\u00e9pare, relooke meubles et si\u00e8ges. L&#8217;encadrement est assur\u00e9 par des professionnels de l&#8217;insertion et des b\u00e9n\u00e9voles. SOLIDAR&#8217;MEUBLES, c&#8217;est un&nbsp;projet d&#8217;atelier d&#8217;insertion : Solidarit\u00e9, utilit\u00e9 sociale et d\u00e9veloppement durable dans les buts statutaires Une finalit\u00e9 socioprofessionnelle d\u00e9finie Quatre activit\u00e9s et un objectif, leviers de l\u2019insertion L&#8217;accueil de personnes volontaires pour [&hellip;]\" \/>\n<meta property=\"og:url\" content=\"https:\/\/legrenier-meublesolidaire-tarbes.fr\/index.php\/solidarmeubles\/\" \/>\n<meta property=\"og:site_name\" content=\"LE GRENIER Meubles Solidaires TARBES\" \/>\n<meta property=\"article:publisher\" content=\"https:\/\/www.facebook.com\/solidarmeublestarbes\/\" \/>\n<meta property=\"article:modified_time\" content=\"2023-05-04T17:55:34+00:00\" \/>\n<meta property=\"og:image\" content=\"https:\/\/legrenier-meublesolidaire-tarbes.fr\/wp-content\/uploads\/2021\/04\/Accueil-SOLIDAR-MEUBLE1-.jpg\" \/>\n<meta name=\"twitter:card\" content=\"summary_large_image\" \/>\n<meta name=\"twitter:label1\" content=\"Dur\u00e9e de lecture est.\">\n\t<meta name=\"twitter:data1\" content=\"5 minutes\">\n<script type=\"application\/ld+json\" class=\"yoast-schema-graph\">{\"@context\":\"https:\/\/schema.org\",\"@graph\":[{\"@type\":\"Organization\",\"@id\":\"https:\/\/legrenier-meublesolidaire-tarbes.fr\/#organization\",\"name\":\"SOLIDAR'meubles LE GRENIER\",\"url\":\"https:\/\/legrenier-meublesolidaire-tarbes.fr\/\",\"sameAs\":[\"https:\/\/www.facebook.com\/solidarmeublestarbes\/\"],\"logo\":{\"@type\":\"ImageObject\",\"@id\":\"https:\/\/legrenier-meublesolidaire-tarbes.fr\/#logo\",\"inLanguage\":\"fr-FR\",\"url\":\"https:\/\/legrenier-meublesolidaire-tarbes.fr\/wp-content\/uploads\/2020\/11\/LOGO-SOLIDAR-M.jpg\",\"width\":153,\"height\":150,\"caption\":\"SOLIDAR'meubles LE GRENIER\"},\"image\":{\"@id\":\"https:\/\/legrenier-meublesolidaire-tarbes.fr\/#logo\"}},{\"@type\":\"WebSite\",\"@id\":\"https:\/\/legrenier-meublesolidaire-tarbes.fr\/#website\",\"url\":\"https:\/\/legrenier-meublesolidaire-tarbes.fr\/\",\"name\":\"LE GRENIER Meubles Solidaires TARBES\",\"description\":\"Embellissez votre int\\u00e9rieur avec nos ventes de meubles solidaires\",\"publisher\":{\"@id\":\"https:\/\/legrenier-meublesolidaire-tarbes.fr\/#organization\"},\"potentialAction\":[{\"@type\":\"SearchAction\",\"target\":\"https:\/\/legrenier-meublesolidaire-tarbes.fr\/?s={search_term_string}\",\"query-input\":\"required name=search_term_string\"}],\"inLanguage\":\"fr-FR\"},{\"@type\":\"ImageObject\",\"@id\":\"https:\/\/legrenier-meublesolidaire-tarbes.fr\/index.php\/solidarmeubles\/#primaryimage\",\"inLanguage\":\"fr-FR\",\"url\":\"https:\/\/legrenier-meublesolidaire-tarbes.fr\/wp-content\/uploads\/2021\/04\/Accueil-SOLIDAR-MEUBLE1-.jpg\",\"width\":980,\"height\":605},{\"@type\":\"WebPage\",\"@id\":\"https:\/\/legrenier-meublesolidaire-tarbes.fr\/index.php\/solidarmeubles\/#webpage\",\"url\":\"https:\/\/legrenier-meublesolidaire-tarbes.fr\/index.php\/solidarmeubles\/\",\"name\":\"SOLIDAR'MEUBLES - LE GRENIER Meubles Solidaires TARBES\",\"isPartOf\":{\"@id\":\"https:\/\/legrenier-meublesolidaire-tarbes.fr\/#website\"},\"primaryImageOfPage\":{\"@id\":\"https:\/\/legrenier-meublesolidaire-tarbes.fr\/index.php\/solidarmeubles\/#primaryimage\"},\"datePublished\":\"2020-11-10T18:01:00+00:00\",\"dateModified\":\"2023-05-04T17:55:34+00:00\",\"inLanguage\":\"fr-FR\",\"potentialAction\":[{\"@type\":\"ReadAction\",\"target\":[\"https:\/\/legrenier-meublesolidaire-tarbes.fr\/index.php\/solidarmeubles\/\"]}]}]}<\/script>\n<!-- \/ Yoast SEO plugin. -->","_links":{"self":[{"href":"https:\/\/legrenier-meublesolidaire-tarbes.fr\/index.php\/wp-json\/wp\/v2\/pages\/93"}],"collection":[{"href":"https:\/\/legrenier-meublesolidaire-tarbes.fr\/index.php\/wp-json\/wp\/v2\/pages"}],"about":[{"href":"https:\/\/legrenier-meublesolidaire-tarbes.fr\/index.php\/wp-json\/wp\/v2\/types\/page"}],"author":[{"embeddable":true,"href":"https:\/\/legrenier-meublesolidaire-tarbes.fr\/index.php\/wp-json\/wp\/v2\/users\/1"}],"replies":[{"embeddable":true,"href":"https:\/\/legrenier-meublesolidaire-tarbes.fr\/index.php\/wp-json\/wp\/v2\/comments?post=93"}],"version-history":[{"count":30,"href":"https:\/\/legrenier-meublesolidaire-tarbes.fr\/index.php\/wp-json\/wp\/v2\/pages\/93\/revisions"}],"predecessor-version":[{"id":4278,"href":"https:\/\/legrenier-meublesolidaire-tarbes.fr\/index.php\/wp-json\/wp\/v2\/pages\/93\/revisions\/4278"}],"wp:attachment":[{"href":"https:\/\/legrenier-meublesolidaire-tarbes.fr\/index.php\/wp-json\/wp\/v2\/media?parent=93"}],"curies":[{"name":"wp","href":"https:\/\/api.w.org\/{rel}","templated":true}]}}